ppose 0 = 5*s - 12 - 13. Suppose -t - 1 = 5*o - 2, -2*o + j = s*t. Let f(u) = u - 4. Give f(t).
2
Let r(p) = -2*p - 2. Let c(o) = -o**3 + 8*o**2 - 7*o + 6. Let s be c(7). Calculate r(s).
-14
Let o(a) = -2*a**2 + 15*a - 30. Let p be o(5). Let f(m) = 0*m - 2 + 0*m - 3*m. What is f(p)?
13
Let y(f) = -f**2 - 2*f + 2. Let g = -14 + 10. Calculate y(g).
-6
Suppose 3*i + 18 = -4*x, -i - 4*i = -5*x - 5. Let w(s) = -s - 8. Let u be w(-10). Let o(g) = -5*g**2 - 5 - g**3 + 7 + 2*g**u. Calculate o(i).
-2
Let q(a) = a - 2. Let g(d) = -2*d**2 - 20*d - 16. Let i be g(-9). Determine q(i).
0
Let l be 102/9 - (-4)/6. Let m be 2/(-6) - l/(-9). Suppose -f = j + m, f + 2*f + 11 = -j. Let v(p) = -p**3 - 6*p**2 - 5*p - 5. Calculate v(f).
-5
Let a(m) = 0 + 2 - 9*m + 6*m + 2*m. Determine a(1).
1
Let p(s) = s - 3. Let w be p(6). Let q(h) = -h**2 + 7*h - 2. Determine q(w).
10
Let t(i) = i + 7. Let w(r) = r + 5. Let b be w(-5). Suppose -h + d - 7 = b, -h - 3*d - 15 = 2*h. Give t(h).
1
Let q(r) = r**2 - 3*r + 3. Let o be (18/21)/((-1)/(-14)). Let i be (-4)/(o/9) + 6. Calculate q(i).
3
Let a(j) = j**3 - 5*j**2 + 2*j - 1. Let n(h) = h**2 + 8*h - 1. Let l(t) = -t - 1. Let q(v) = -4*l(v) - n(v). Let p be q(-4). Calculate a(p).
9
Let d = -3 + 4. Let o be d*-3*(-2)/(-3). Let y(v) = v - 2. Let c(u) = -2*u + 5. Let h(l) = -4*c(l) - 9*y(l). Give h(o).
0
Let u(o) be the second derivative of o**3/6 - o**2/2 + o. Let g(c) = -c**3 + 17*c**2 - 16*c + 5. Let j be g(16). Give u(j).
4
Let r(a) = -a - 1. Let j(g) = g - 20. Let x be j(14). Calculate r(x).
5
Suppose 0 = 5*a - 8*a - 3. Let m = -1 - -1. Let y = m + a. Let w(c) = -6*c**3 - c - 1. Determine w(y).
6
Let q(a) = 2*a - 36 + 16 + 21. Calculate q(-3).
-5
Let o(n) = -5*n. Let l(i) = 0 - 2 + 0 - 2*i + 2*i**2 + 1. Let w be l(-1). Let s = w - 5. Determine o(s).
10
Let r be 0*-2*3/(-6). Let i be -1 - (2 + 0 + -4). Let m(w) = -5 - w**2 - i + 5 - 2. Give m(r).
-3
Let x(u) = u**3 - 6*u**2 - 3*u - 1. Let z(y) = y**2 - y + 1. Let f(n) = x(n) + 2*z(n). Calculate f(5).
1
Let z be (-3 - 7/(-2))*0. Let b(a) = z*a + 0*a - 2*a - a**2. Suppose -5*x = -2*y + 14 + 4, -2*x + 2*y = 12. Determine b(x).
0
Let r(k) = -k**3 - k + k - k - 75*k**2 + 74*k**2 - 4. What is r(0)?
-4
Let o = 1 + 4. Let n(z) be the second derivative of -z**7/840 + z**6/90 + z**5/40 + z**4/4 + z**3/6 + 2*z. Let k(y) be the second derivative of n(y). Give k(o).
-4
Let h(m) = m**2 - 7. Let n be h(3). Let v(t) be the first derivative of 1/2*t**n - 4*t + 2. What is v(3)?
-1
Suppose 0*r = 2*r - 10. Let j(c) = -2*c**2 - 2*c - 10. Let x(q) = q - 5 + q**2 + 14 + q. Let u(n) = -2*j(n) - 3*x(n). What is u(r)?
8
Let y(o) = 1 - 2*o**3 - 2*o**3 - 2 + 3*o**2 + o - 2*o**2. Give y(1).
-3
Let q(j) = -j**3 + 4*j**2 + 5. Let r be q(4). Let o(k) = -k**2 + 7*k. Let z(n) be the third derivative of n**3/6 + 4*n**2. Let w(x) = -o(x) + 4*z(x). Give w(r).
-6
Let j(k) = -803*k**3 + 802*k**3 - 11*k**2 - 11*k - 3 - 10. Determine j(-10).
-3
Let i = 2 + -5. Let k(r) = 2*r**2 + r - 3. Let y(d) = 7*d**2 - 5. Let n(v) = -7*v**2 - v + 6. Let t(w) = 3*n(w) + 2*y(w). Let m(u) = i*t(u) - 8*k(u). Give m(1).
6
Let a(o) = -3*o**3 - 11*o**2 - 9*o + 14. Let w(c) = -2*c**3 - 7*c**2 - 6*c + 10. Let m(z) = -5*a(z) + 7*w(z). Determine m(-3).
18
Suppose 4*p + 13 = 5*p. Suppose -5*n + p = 3. Suppose -n*o + 4 = -3*o. Let q(a) = -a**2 - 5*a + 1. What is q(o)?
5
Let o(f) = 6*f**2 - 3*f**3 - 2*f**2 + 2*f**3. Determine o(4).
0
Let g(n) = 3*n - n - 1 + 3*n**2 + 2. Let t = -2 - -4. Suppose -4*k - 5*w = 18, 3*w + 10 = -t*k - 0*w. Determine g(k).
9
Let d(f) = f - 7. Suppose -3*j + 3*i + 0*i + 9 = 0, -5*j + 39 = 3*i. Let o be 1/(-2) - (-39)/j. Let g be d(o). Let v(w) = 12*w**3 - w. What is v(g)?
-11
Let h(m) = -2*m - 2. Suppose -4*r + 7*r + 6 = 0. Calculate h(r).
2
Let v(i) = -i**2 - 10*i - 1. Let k be (-1*3)/(4/12). Let f be v(k). Let y = f - 3. Let o(n) = n**2 - 5*n. Determine o(y).
0
Let n(t) = t - 4. Suppose 2*z = -2*z. Suppose z = -x - 3*x. What is n(x)?
-4
Let y(i) = -3. Let l(c) = c + 13. Let s(p) = -3*l(p) - 12*y(p). Let w be s(-2). Let m(a) = a**2 + 2*a**w + 24 - 24. Give m(-1).
-1
Let l be (-126)/(-24) + 1/(-4). Let q(r) = 4*r - 5 + 2*r + 0*r - 5*r. What is q(l)?
0
Let j(w) = -w + 1. Let g(k) = 1. Let s(a) = 5*g(a) + j(a). Give s(7).
-1
Let h(i) = i + 3. Let p(v) = v + 3. Let s(n) = -7*h(n) + 6*p(n). What is s(0)?
-3
Let l = -1 - -1. Let i = l - -1. Let o(p) = -5*p**2 - 2*p + 1. Give o(i).
-6
Let t be (-8*1 + 0)*-2. Let f be (-17)/(-4) + (-4)/t. Let h(w) = -w**3 + 4*w**2 - 2*w + 1. Determine h(f).
-7
Let s(u) = -29 + 139*u - 283*u + 145*u. What is s(0)?
-29
Let m(k) = 9*k**2 - 4*k**2 - 1 + 0*k + k. Let o be ((-2)/4)/((-3)/6). Give m(o).
5
Let v(k) be the first derivative of k**6/120 + k**5/12 - k**4/24 - k**3 + 3*k**2/2 + 3. Let n(o) be the second derivative of v(o). Give n(-5).
-1
Let i(l) = -3*l + 4. Let g(w) = 2*w - 3*w - w - 9 + 8*w. Let u(o) = -2*g(o) - 5*i(o). Let s(t) = -3*t + 2. Let d(z) = 7*s(z) + 6*u(z). What is d(3)?
-7
Let p(d) = -d**3 + 6*d**2 + 2*d - 2. Let a(m) = m**2 + 5*m - 8. Suppose z - 5 = -12. Let t be a(z). Calculate p(t).
10
Let v(j) = -j**2 + 5*j + 1. Let d(t) = 2*t + 1. Suppose 0 = 3*u - 1 + 4. Let h be d(u). Let k be (1 + h)/(-2) + 4. What is v(k)?
5
Let k(c) = 3*c - 5. Let z be -7 + 11 + (2 - 2)/(-1). What is k(z)?
7
Let q(w) = 7*w**3 + w**2 - 2*w - 7. Let y(g) = -15*g**3 - 2*g**2 + 4*g + 15. Let r(n) = 13*q(n) + 6*y(n). What is r(2)?
7
Let l(t) = -t**2 - 7*t - 6. Let n(v) = 3*v**2 + 21*v + 17. Let r(a) = 17*l(a) + 6*n(a). Calculate r(-5).
-10
Let b(r) = 2*r**2 + r - 1. Let n(j) = j + 1. Let t be n(0). Let f(o) = -2*o - 5. Let q be f(-4). Let i = t - q. Determine b(i).
5
Let q(l) be the first derivative of -l**4/4 + l**3 + 3*l**2 - 4*l + 6. Determine q(4).
4
Let l(u) = 9*u - 1. Let v(c) = -c. Suppose -j = 4*j + 110. Let k(h) = j*v(h) - 2*l(h). Calculate k(-2).
-6
Let a be (2 - 0)*(-1)/(-1). Suppose -5*g = n - 35, -2*n + a = g + 4. Let u(c) = c**2 - 10*c + 11. Give u(g).
-5
Let q(t) = t**2 - t. Let k(c) = -2*c**3 + c**2 - c - 1. Let n be k(-1). Let z be (-14 + 7)*2*(-2)/4. Let r = z - n. Determine q(r).
12
Let g = -14 - -17. Let u be 2 - (1 + (-2 - 0)). Suppose 0 = g*s - c + 10, 1 - u = 2*s - 3*c. Let t(b) = -b**3 - 4*b**2 - 3*b - 5. Determine t(s).
7
Let s(a) = -4 + a**2 + a + 6*a - 3 - 2*a. Calculate s(-7).
7
Let m(g) = g**3 - 5*g**2 + g - 2. Let d(s) = s**2 - 11*s + 11. Let r(h) = h**2 - 11*h + 10. Let o(q) = 5*d(q) - 6*r(q). Let t be o(10). What is m(t)?
3
Let k = 5 - 3. Let w(f) = 3 - 2*f**2 - 4*f**3 + 2*f**3 - 3*f - f**3 + 4*f**3. Calculate w(k).
-3
Suppose -2*m = m. Suppose -4*p = -m*p - 8. Suppose -3*f - 4 = p*z - 2*f, 0 = 4*f + 8. Let a(n) = 2*n**2 - 1. Determine a(z).
1
Let x(n) be the second derivative of n**4/12 - n**3/6 - 27*n. Give x(3).
6
Let s(p) = p**2 + 5*p - 2. Let j(o) = o**2. Let g(t) = 2*j(t) - s(t). Let m be g(5). Let x(i) = -5*i**m + 0*i**2 - i**3 + i**2 - 6 - 2*i. Determine x(-4).
2
Let c(k) be the second derivative of -k**3/6 - 3*k**2 + 4*k. Let r be c(-7). Let z(m) = -3*m - 1. Determine z(r).
-4
Let j(r) = -3*r**3 - 3*r**2 + 32*r - 11. Let i(u) = -u**3 - u**2 + 11*u - 4. Let s(n) = -17*i(n) + 6*j(n). Let x = 3 - 6. Give s(x).
5
Let b(o) = o + 3. Let q = -3 + 5. Suppose -2*g = 6, q*t - g = 5*t + 21. Let f be b(t). Let n(x) = x**3 + 5*x**2 + 3*x + 1. Calculate n(f).
10
Let l(u) = -17*u**2 - 2 + 11 + 16*u**2 - 9*u. Determine l(-10).
-1
Let j(l) = -l**2 + 2*l + 4. Let h(u) = u. Let f(r) = 3*r - 2. Let d be f(1). Let i(c) = d*j(c) - 2*h(c). Give i(-3).
-5
Suppose -6 - 2 = -4*t. Let o(q) = -q**2 + q - 1. What is o(t)?
-3
Suppose -3*x - x = -8. Suppose -5*v = -x*v - 6. Let f(m) = 0*m + m**v - 1 + 0*m. Give f(2).
3
Let k(w) = -w**2 + 4*w - 3. Let x be k(2). Suppose 2*n = -3 + x. Let l(o) = 4*o**3 + o**2 + o + 1. Give l(n).
-3
Let h = -98 + 103. Let w be (-2)/3 + (-17)/(-3). Let j(m) = -w*m + m + 0*m + m**2 - 5. Calculate j(h).
0
Let y(b) = b + 2. Let s be 3*2*(-2)/(-6). What is y(s)?
4
Let v(z) be the first derivative of z**3/3 + 4*z**2 + 3*z - 20. Determine v(-8).
3
Let h(w) = 5*w**2 - 2*w - 3. Let o(t) = 7*t**2 - t - 4. Let u(r) = 3*h(r) - 2*o(r). Calculate u(3).
-4
Let n(v) = v**3 - 2*v**2 + v. Let f(u) = -u - 10. Let h(y) = y**2 - 9*y - 11. Let l be h(9). Let i be f(l). Give n(i).